{"id":268,"date":"2017-08-03T21:52:52","date_gmt":"2017-08-03T21:52:52","guid":{"rendered":"https:\/\/blogs.scu.edu\/foodwater\/?page_id=268"},"modified":"2017-08-03T21:53:58","modified_gmt":"2017-08-03T21:53:58","slug":"lxs-promotores","status":"publish","type":"page","link":"https:\/\/blogs.scu.edu\/foodwater\/the-team\/lxs-promotores\/","title":{"rendered":"Lxs Promotores"},"content":{"rendered":"<p>&nbsp;<\/p>\n<p><strong>\u00c1lvaro Francisco S\u00e1nchez<\/strong><\/p>\n<p>Ingeniero en Agroecolog\u00eda Tropical con cursos en caja con computaci\u00f3n. Ha colaborado en investigaciones con PRODECOOP, CIIASDENIC, CAN y Universidades nacionales e internacionales en estudios sobre \u201c<em>vulnerabilidad en inseguridad alimentaria y del agua vivida por familias productoras a peque\u00f1a escala en el contexto del brote de roya, la sequ\u00eda y otros peligros<\/em>\u201d y \u201c<em>Asesorando Estrategias de Diversificaci\u00f3n en Sistemas de Caf\u00e9 de Peque\u00f1os Productores de Mesoam\u00e9rica<\/em>\u201d. Facilitador de Escuelas de Campo y productor experimentador en producci\u00f3n de caf\u00e9. Forma parte del consejo de administraci\u00f3n de la cooperativa San Antonio, R.L.<\/p>\n<p><strong>Edwin Antonio Gonzales Acu\u00f1a<\/strong><\/p>\n<p>Estudiante de curso de titulaci\u00f3n en Ingenier\u00eda en Dise\u00f1o y Construcci\u00f3n. Productor de granos b\u00e1sicos. Originario de Rio Arriba, Palacaguina, Madriz. Joven con muchas metas y casi dos a\u00f1os de experiencia de trabajo con la UNAG Madriz, participando en el levantamiento de datos de productores, Escuelas de Campo para la diversificaci\u00f3n de cultivos y forma parte del comit\u00e9 de auto ahorro y cr\u00e9dito comunitario.<\/p>\n<p><strong>Efra\u00edn Arturo Reyes Jim\u00e9nez<\/strong><\/p>\n<p>Originario de la comarca Moropoto, municipio de San Lucas, departamento de Madriz. Ingeniero en Gerencia Agropecuaria (2016); diplomado en Agroecolog\u00eda otorgado por la Universidad Nacional Agraria. Diplomado en Cuencas Hidrogr\u00e1ficas con \u00e9nfasis en Resiliencia y Adaptaci\u00f3n al Cambio Clim\u00e1tico. Facilitador de Escuelas de Campo con especialidad en caf\u00e9 y alimentaci\u00f3n bobina impartidos por el INATEC Madriz. Participante en investigaci\u00f3n cient\u00edfica en colaboraci\u00f3n con la universidad de California. Con grandes aspiraciones para poder estudiar maestr\u00edas y doctorados relacionados con su profesi\u00f3n y colaborar con experimentaciones e innovaciones que puedan ayudar al desarrollo sostenible de la sociedad.<\/p>\n<p><strong>Esneyder Alvarado Carazo<\/strong><\/p>\n<p>Actualmente est\u00e1 terminando su tesis para la licenciatura en Sociolog\u00eda con \u00e9nfasis en Trabajo Social y Gesti\u00f3n para el Desarrollo. T\u00e9cnico Superior en Producci\u00f3n Agropecuaria con cursos en Administraci\u00f3n en Gerencia Cooperativa y Locuci\u00f3n de Radio. Ha participado en el Intercambio Internacional de J\u00f3venes por la Seguridad Alimentaria, coordinado por la Red de Agroecolog\u00eda Comunitaria en Santa Cruz, California, EE.UU. Tiene 7 a\u00f1os de experiencia en levantamiento de encuestas en el marco de investigaciones acad\u00e9micas. Vive en las Segovias, Nicaragua donde se desempe\u00f1a como promotor en la cooperativa Multifuncional La Esperanza. R.L base de PRODECOOP R.L.<\/p>\n<p><strong>Imer Palacio Matey<\/strong><\/p>\n<p>Productor de caf\u00e9 org\u00e1nico, experimentador y apicultor. T\u00e9cnico medio agropecuario con diplomado en cooperativismo. Experiencia en Escuelas de Campo ECAs. Originario de la comunidad San Lucas, San Juan de Rio Coco, Madriz Nicaragua. Socio de la cooperativa Multifuncional 22 de Mayo R.L afiliada a PRODECOOP. Ha participado en comit\u00e9s de investigaci\u00f3n Agr\u00edcola local con caf\u00e9 y diversificaci\u00f3n de cultivos para una vida sostenible.<\/p>\n<p><strong>Javier Salom\u00f3n P\u00e9rez S\u00e1nchez<\/strong><\/p>\n<p>Ingeniero en Gerencia Agropecuaria con diplomados en Desarrollo Rural y Agroecolog\u00eda. Habitante de la comarca el Chichicaste, municipio de San Lucas, departamento de Madriz, Nueva Segovia. Actualmente se desempe\u00f1a como presidente de la cooperativa Multifuncional San Antonio R.L. Productor experimentador en el ramo de la producci\u00f3n org\u00e1nica y agroecol\u00f3gica. Ha participado en intercambios nacionales e internacionales. Colaborador en procesos de investigaci\u00f3n acad\u00e9mica participativa. Le gusta el desarrollo personal y cooperativo. Cuenta con esp\u00edritu de superaci\u00f3n y es emprendedor.<\/p>\n<p><strong>Jos\u00e9 Rub\u00e9n Sanabria Rodr\u00edguez<\/strong><\/p>\n<p>Originario de Jalapa, Nueva Segovia, Nicaragua. Maestr\u00eda en Administraci\u00f3n de la educaci\u00f3n superior. Ingeniero en sistemas de producci\u00f3n agropecuaria con postgrados en formulaci\u00f3n de proyectos; nutrici\u00f3n y alimentaci\u00f3n animal. Conocedor de la idiosincrasia campesina desde 1987 con m\u00e1s de 20 a\u00f1os de experiencia como extensionista rural. Docente universitario con m\u00e1s de 10 a\u00f1os de experiencia en la academia, asesor de estudiantes de carreras agropecuarias y facilitador de la metodolog\u00eda de Escuelas de Campo, expositor en congresos de desarrollo rural a nivel nacional y latinoamericano. Miembro activo de la <em>Red de Diagnosticadores Fitosanitarios en Nicaragua<\/em>, socio de la cooperativa de Servicios M\u00faltiples CCAJ. Productor de caf\u00e9 org\u00e1nico. Practica en desarrollo cooperativo. Aspirante a Doctorado en Educaci\u00f3n.<\/p>\n<p><strong>Jos\u00e9 Santos L\u00f3pez V\u00e1squez<\/strong><\/p>\n<p>Ingeniero en Gerencia Agropecuaria. Joven con 5 a\u00f1os de ser socio y promotor de la cooperativa de base de San Jos\u00e9 de la luz R,L\u00a0 ubicada en Quilali, las Segovias y afiliada a PRODECOOP R.L. Ha venido desarrollando conocimientos importantes para el desarrollo comunitario, y aplicaci\u00f3n de instrumentos de investigaci\u00f3n con organizaciones que trabajan en alianzas con PRODECOOP. R.L, en investigaciones agr\u00edcolas locales, obteniendo experiencias que posteriormente comparte con su cooperativa. En el 2016 participo con la universidad Martin Lutero, Ocotal en una investigaci\u00f3n de conservaci\u00f3n de agua \u201c<em>lluvia seca\u201d<\/em> a base de policlorato de sodio en peque\u00f1as parcelas en cultivos agr\u00edcolas. Productor de caf\u00e9 y apicultor.<\/p>\n<p><strong>Luis Miguel Lira Centeno<\/strong><\/p>\n<p>Licenciado en Ingles-2016, originario de la comunidad El Coyolito, San Lucas, Madriz Nicaragua. Realizo trabajos de investigaci\u00f3n sobre la educaci\u00f3n en el 2013 con la universidad Martin Lutero. Responsable de ventas, por 3 a\u00f1os, del Centro de Acopio y Distribuci\u00f3n de Alimentos (CADA) cooperativa San Antonio perteneciente a PRODECOOP. En un joven activo y emprendedor con deseos de superaci\u00f3n. Participa en actividades que lleva a cabo la cooperativa y actualmente colabora en la investigaci\u00f3n sobre Seguridad Alimentaria y de Agua\u2026.<\/p>\n<p><strong>Oscar Eduardo Alfaro Rivas<\/strong><\/p>\n<p>Estudiante del quinto a\u00f1o de Ciencias Agropecuarias. Cursos en locuci\u00f3n. Originario de la comunidad Llanos #1 del municipio de Pueblo Nuevo, Departamento de Estel\u00ed. 4 a\u00f1os de experiencia como promotor de Seguridad Alimentaria y Nutricional.\u00a0 Promotor de la cooperativa Multifuncional Monte Verde R.L afiliada a PRODECOOP R.L. Con 6 a\u00f1os de experiencia en procesos y herramientas de investigaci\u00f3n acad\u00e9mica en la regi\u00f3n del norte de las Segovias. Miembro de la Red Internacional de Agroecolog\u00eda Comunitaria de J\u00f3venes RIAC- Joven. Su meta es culminar su carrera universitaria y aplicar sus conocimientos en la parcela y en los distintos espacios laborales que le surjan.<\/p>\n<p><strong>Yeltsin Marileth Reyes Rodr\u00edguez<\/strong><\/p>\n<p>Ingeniera en Gerencia Agropecuaria con cursos especializados en diagn\u00f3stico y planificaci\u00f3n de fincas de caf\u00e9, sistemas de producci\u00f3n de caf\u00e9 a peque\u00f1a escala, manejo de colmenas con \u00e9nfasis en buenas pr\u00e1cticas ap\u00edcolas, manejo de microempresas, administraci\u00f3n de negocios y cooperativismo. Joven socia, productora de caf\u00e9 y promotora de la cooperativa multi Ramon Raudales R.L base de PRODECOOP. Originaria de la comunidad Las Brisas, Jalapa Nueva Segovia, Nicaragua.\u00a0 Ha colaborado en estudios sobre \u201c<em>vulnerabilidad en inseguridad alimentaria y del agua vivida por familias productoras a peque\u00f1a escala en el contexto del brote de roya, la sequ\u00eda y otros peligros<\/em>\u201d y \u201c<em>Asesorando Estrategias de Diversificaci\u00f3n en Sistemas de Caf\u00e9 de Peque\u00f1os Productores de Mesoam\u00e9rica<\/em>\u201d,liderados por Christopher Bacon de la universidad de Santa Clara. En la cooperativa est\u00e1 promoviendo la diversificaci\u00f3n productiva en cultivos de caf\u00e9 y milpa con enfoque agroecol\u00f3gico y la soberan\u00eda y Seguridad Alimentaria.<\/p>\n<p><strong>Zaida Janeth Calero Peralta<\/strong><\/p>\n<p>L\u00edder comunitaria, bachiller, con estudios sobre violencia intrafamiliar, liderazgo comunitario y pol\u00edticas p\u00fablicas. Madre de tres varones, actualmente representa a las mujeres de la UNAG del departamento de Estel\u00ed. Es participativa, alegre, amistosa, tiene m\u00e1s de diez a\u00f1os de trabajar como promotora de la UNAG PCaC.<\/p>\n","protected":false},"excerpt":{"rendered":"<p>&nbsp; \u00c1lvaro Francisco S\u00e1nchez Ingeniero en Agroecolog\u00eda Tropical con cursos en caja con computaci\u00f3n. Ha colaborado en investigaciones con PRODECOOP, CIIASDENIC, CAN y Universidades nacionales e internacionales en estudios sobre \u201cvulnerabilidad en inseguridad alimentaria y del agua vivida por familias &hellip; <a href=\"https:\/\/blogs.scu.edu\/foodwater\/the-team\/lxs-promotores\/\">Continue reading <span class=\"meta-nav\">&rarr;<\/span><\/a><\/p>\n","protected":false},"author":1368,"featured_media":0,"parent":90,"menu_order":0,"comment_status":"closed","ping_status":"closed","template":"","meta":{"qubely_global_settings":"","qubely_interactions":"","kk_blocks_editor_width":"","_kiokenblocks_attr":"","_kiokenblocks_dimensions":"","footnotes":""},"class_list":["post-268","page","type-page","status-publish","hentry"],"post_mailing_queue_ids":[],"_links":{"self":[{"href":"https:\/\/blogs.scu.edu\/foodwater\/wp-json\/wp\/v2\/pages\/268","targetHints":{"allow":["GET"]}}],"collection":[{"href":"https:\/\/blogs.scu.edu\/foodwater\/wp-json\/wp\/v2\/pages"}],"about":[{"href":"https:\/\/blogs.scu.edu\/foodwater\/wp-json\/wp\/v2\/types\/page"}],"author":[{"embeddable":true,"href":"https:\/\/blogs.scu.edu\/foodwater\/wp-json\/wp\/v2\/users\/1368"}],"replies":[{"embeddable":true,"href":"https:\/\/blogs.scu.edu\/foodwater\/wp-json\/wp\/v2\/comments?post=268"}],"version-history":[{"count":2,"href":"https:\/\/blogs.scu.edu\/foodwater\/wp-json\/wp\/v2\/pages\/268\/revisions"}],"predecessor-version":[{"id":271,"href":"https:\/\/blogs.scu.edu\/foodwater\/wp-json\/wp\/v2\/pages\/268\/revisions\/271"}],"up":[{"embeddable":true,"href":"https:\/\/blogs.scu.edu\/foodwater\/wp-json\/wp\/v2\/pages\/90"}],"wp:attachment":[{"href":"https:\/\/blogs.scu.edu\/foodwater\/wp-json\/wp\/v2\/media?parent=268"}],"curies":[{"name":"wp","href":"https:\/\/api.w.org\/{rel}","templated":true}]}}